{"id":2,"date":"2014-06-03T09:15:04","date_gmt":"2014-06-03T09:15:04","guid":{"rendered":"http:\/\/hebamme-janina-ignone.de\/?page_id=2"},"modified":"2024-07-11T09:52:02","modified_gmt":"2024-07-11T07:52:02","slug":"beispiel-seite","status":"publish","type":"page","link":"https:\/\/www.hebamme-janina-dettmann.de\/","title":{"rendered":"\u00dcber mich"},"content":{"rendered":"\n<div class=\"content-main\">\n<div class=\"content-main-left\">\n<h5>Das Glueck eines Kindes beginnt lange vor seiner Geburt,<br>\nin den Herzen der Menschen die es lieben&#8230;<\/h5>\n<\/div>\n<div class=\"content-main-right\">\n<h6><strong>Derzeit habe ich freie Kapazit\u00e4ten f\u00fcr Betreuungen in Ro\u00dfdorf und umliegenden Ortschaften mit Entbindungsterminen ab Januar 2025. <\/strong><\/h6>\n<h6><\/h6>\n<h6>\u00dcber mich und meine Arbeit:<\/h6>\n<p>Geboren wurde ich 1984 in Aschaffenburg.<\/p>\n<p>Die Ausbildung zur Hebamme absolvierte ich von 2004-2007 an der Universit\u00e4tsfrauenklinik Heidelberg. Seit 2007 arbeite ich als freiberufliche Hebamme in Darmstadt und Umgebung, davon mehrere Jahre als Beleghebamme in der Geburtshilfe. Von 2014 bis 2021 war ich in der Schwangeren- und Wochenbettbetreuung in Darmstadt t\u00e4tig.<\/p>\n<p>Seit 2020 wohne ich mit meiner Familie in Ro\u00dfdorf (bei Darmstadt). Inzwischen durfte ich selbst die Erfahrung von Schwangerschaft, Geburt und Babyzeit erleben. Nach meiner Elternzeit nehme ich meine T\u00e4tigkeit als Hebamme in Ro\u00dfdorf (bei Darmstadt) und umliegenden Ortschaften wieder auf.<\/p>\n<p>Meine Aufgabe als Hebamme sehe ich darin, Frauen und Familien w\u00e4hrend einer besonderen Lebensphase vertrauensvoll und individuell zu begleiten. Eine gute Vorbereitung auf die Geburt und die Zeit danach liegt mir dabei besonders am Herzen.<\/p>\n<p>Meine Leistung umfasst die Begleitung in der Schwangerschaft, Schwangerenvorsorge, Hilfe bei eventuellen Schwangerschaftsbeschwerden wie z.b. \u00dcbelkeit, R\u00fcckenschmerzen o.\u00e4.,&nbsp; Online Geburtsvorbereitungskurse, Wochenbettbetreuung, Stillberatung, Trageberatung und 1:1 R\u00fcckbildung.<\/p>\n<p>Durch mein umfangreiches Angebot begleite ich Familien \u00fcber einen langen Zeitraum hinweg. Bei einem Vorgespr\u00e4ch bietet sich die M\u00f6glichkeit einander kennenzulernen. Eine fr\u00fchzeitige Kontaktaufnahme vor der 12. Schwangerschaftswoche ist empfehlenswert.<\/p>\n<p>Ich bitte um Kontaktaufnahme per Email unter Angabe von Adresse und Wohnort (ggf. auch zuk\u00fcnftig), Handynummer, Entbindungstermin (ET) und Versichertenstatus.<\/p>\n<p>Die meisten der genannten Leistungen werden von den gesetzlichen Krankenkassen \u00fcbernommen. Bei Privatversicherungen ist der Leistungsumfang vor Beginn der Betreuung zu erfragen. In der Regel orientiert sich dieser an denen der gesetzlichen Krankenkassen. Leistungen die \u00fcber den gesetzlichen Rahmen hinausgehen sind privat zu zahlen.<\/p>\n<\/div>\n<\/div>\n\n\n\n<div class=\"kontakt\">\n<h6>Kontakt<\/h6>\n<p>Email: kontakt@hebamme-janina-dettmann.de<\/p>\n<\/div>\n\n\n\n<div class=\"impressum\">\n<h6>Impressum<\/h6>\n<p>Inhaltlich verantwortlich gem\u00e4\u00df \u00a710 Absatz 3 MDStV ist:<br>\nHebamme Janina Dettmann, geb. Ignone<br>\nkontakt@hebamme-janina-dettmann.de<\/p>\n<p>Die Berufserlaubnis wurde im Land Baden-W\u00fcrttemberg erteilt.<\/p>\n<p>Zust\u00e4ndige Aufsichtsbeh\u00f6rde: Gesundheitsamt Darmstadt<\/p>\n<p>Berufsverband: Deutscher Hebammenverband www.bdh.de<\/p>\n<p>Haftungsausschluss \u2013 Inhalt des Online-Angebotes:<br>\nDie Inhaberin dieser Seite \u00fcbernimmt trotz gr\u00f6\u00dftm\u00f6glicher Sorgfalt keinerlei Gew\u00e4hr f\u00fcr die Aktualit\u00e4t, Korrektheit, Vollst\u00e4ndigkeit oder Qualit\u00e4t der bereitgestellten Informationen. Haftungsanspr\u00fcche, die sich auf Sch\u00e4den materieller oder ideeller Art sowie finanzieller Art beziehen, welche durch die Nutzung oder Nichtnutzung der dargebotenen Informationen, durch die Nutzung fehlerhafter und unvollst\u00e4ndiger Informationen bzw. Verwendung der angebotenen Software verursacht wurden, sind grunds\u00e4tzlich ausgeschlossen, auch wenn seitens des Autors kein nachweislich vors\u00e4tzliches oder grob fahrl\u00e4ssiges Verschulden vorliegt.<\/p>\n<p>Alle Angebote sind freibleibend und unverbindlich.<\/p>\n<\/div>\n","protected":false},"excerpt":{"rendered":"<p>Das Glueck eines Kindes beginnt lange vor seiner Geburt, in den Herzen der Menschen die es lieben&#8230; Derzeit habe ich freie Kapazit\u00e4ten f\u00fcr Betreuungen in Ro\u00dfdorf und umliegenden Ortschaften mit Entbindungsterminen ab Januar 2025. \u00dcber mich und meine Arbeit: Geboren wurde ich 1984 in Aschaffenburg. Die Ausbildung zur Hebamme absolvierte ich von 2004-2007 an der &hellip; <a href=\"https:\/\/www.hebamme-janina-dettmann.de\/\" class=\"more-link\"><span class=\"screen-reader-text\">\u00dcber mich<\/span> weiterlesen <span class=\"meta-nav\">&rarr;<\/span><\/a><\/p>\n","protected":false},"author":1,"featured_media":0,"parent":0,"menu_order":0,"comment_status":"closed","ping_status":"open","template":"","meta":{"footnotes":""},"_links":{"self":[{"href":"https:\/\/www.hebamme-janina-dettmann.de\/index.php?rest_route=\/wp\/v2\/pages\/2"}],"collection":[{"href":"https:\/\/www.hebamme-janina-dettmann.de\/index.php?rest_route=\/wp\/v2\/pages"}],"about":[{"href":"https:\/\/www.hebamme-janina-dettmann.de\/index.php?rest_route=\/wp\/v2\/types\/page"}],"author":[{"embeddable":true,"href":"https:\/\/www.hebamme-janina-dettmann.de\/index.php?rest_route=\/wp\/v2\/users\/1"}],"replies":[{"embeddable":true,"href":"https:\/\/www.hebamme-janina-dettmann.de\/index.php?rest_route=%2Fwp%2Fv2%2Fcomments&post=2"}],"version-history":[{"count":25,"href":"https:\/\/www.hebamme-janina-dettmann.de\/index.php?rest_route=\/wp\/v2\/pages\/2\/revisions"}],"predecessor-version":[{"id":75,"href":"https:\/\/www.hebamme-janina-dettmann.de\/index.php?rest_route=\/wp\/v2\/pages\/2\/revisions\/75"}],"wp:attachment":[{"href":"https:\/\/www.hebamme-janina-dettmann.de\/index.php?rest_route=%2Fwp%2Fv2%2Fmedia&parent=2"}],"curies":[{"name":"wp","href":"https:\/\/api.w.org\/{rel}","templated":true}]}}